e 13, what is -2 + -393?
-395
In base 12, what is 70a - -4?
712
In base 14, what is -139 + 1?
-138
In base 3, what is -1 + 102100?
102022
In base 2, what is -10111101 - -100?
-10111001
In base 4, what is -203 - 12?
-221
In base 15, what is -16c - 0?
-16c
In base 9, what is -54 - -36?
-17
In base 8, what is -1066 + 2?
-1064
In base 2, what is 1 - -111?
1000
In base 12, what is -86 - -5?
-81
In base 3, what is -12121 + 22?
-12022
In base 11, what is 103 + 1?
104
In base 10, what is 187 + -1?
186
In base 14, what is -5 + -1b6?
-1bb
In base 3, what is -2101 - -1002?
-1022
In base 14, what is 25 - -1?
26
In base 5, what is 2244 + -10?
2234
In base 10, what is 132 - -5?
137
In base 13, what is 638 - -10?
648
In base 12, what is -b6 - 23?
-119
In base 15, what is -6d49 + 3?
-6d46
In base 8, what is 1 + 61?
62
In base 2, what is 1100100 - 110?
1011110
In base 11, what is -726 - -1?
-725
In base 9, what is 3 - -27?
31
In base 11, what is 1 - -11a?
120
In base 5, what is -4100 - -1?
-4044
In base 11, what is -1 + 8?
7
In base 9, what is -601 - -5?
-585
In base 2, what is 110100011 - 101?
110011110
In base 11, what is 7 + -42?
-36
In base 13, what is -148 + 1?
-147
In base 3, what is -102 + -11?
-120
In base 3, what is 2102220 + -12?
2102201
In base 8, what is 62 + 454?
536
In base 5, what is -1 - -11311?
11310
In base 8, what is -154 + 32?
-122
In base 6, what is 250 - -50?
340
In base 13, what is -237 + 7?
-230
In base 9, what is -14 + 5?
-8
In base 11, what is 3 + 817?
81a
In base 4, what is -1 - 3030?
-3031
In base 10, what is 2 + -113?
-111
In base 13, what is -3 + -42?
-45
In base 5, what is -3330 + 0?
-3330
In base 4, what is -10 - -101300?
101230
In base 11, what is -419 - 4?
-422
In base 13, what is 41b + -5?
416
In base 4, what is -2 + 320?
312
In base 3, what is 1010 - 2202?
-1122
In base 14, what is d - 2a?
-1b
In base 12, what is -3 - 3a?
-41
In base 9, what is -4 + -58?
-63
In base 8, what is 74 - 12?
62
In base 5, what is 2 + -112?
-110
In base 9, what is -3 + 177?
174
In base 6, what is -3 + -24325?
-24332
In base 3, what is -1122 - 10?
-1202
In base 14, what is 5a - 3?
57
In base 9, what is 3 - -1261?
1264
In base 3, what is -1222 + 10?
-1212
In base 15, what is 3b + 3?
3e
In base 3, what is 10222211 - -1?
10222212
In base 6, what is 401 + -3?
354
In base 11, what is 2 + -79?
-77
In base 7, what is -2 + -6544?
-6546
In base 8, what is 3 + 73?
76
In base 12, what is 105 - 0?
105
In base 11, what is 5 - 50?
-46
In base 3, what is -110022202 - 0?
-110022202
In base 13, what is -5 - -a92?
a8a
In base 10, what is 3802 + 4?
3806
In base 4, what is -3 - -120031?
120022
In base 14, what is -4 + 31?
2b
In base 11, what is -71 - 345?
-406
In base 4, what is 1 + -203?
-202
In base 13, what is -2 + -69?
-6b
In base 12, what is -824 + 2?
-822
In base 14, what is 7 + -d?
-6
In base 4, what is -22311 - 321?
-23232
In base 12, what is -303 - -4?
-2bb
In base 12, what is 8 + 1?
9
In base 8, what is 6 + 3364?
3372
In base 6, what is 1053 - -413?
1510
In base 7, what is 1442 - 0?
1442
In base 11, what is 3 - -58?
60
In base 7, what is 11 - 15?
-4
In base 15, what is 6 + a?
11
In base 12, what is 9823 - -2?
9825
In base 12, what is 7 - -1?
8
In base 12, what is 42 - 0?
42
In base 6, what is -13301 - 0?
-13301
In base 12, what is 13 - -3?
16
In base 14, what is -1b - -d?
-c
In base 11, what is 0 - -285?
285
In base 12, what is 2 - 36b?
-369
In base 6, what is 2145 - 5?
2140
In base 16, what is 1a + 1d?
37
In base 16, what is 1e2 + -10?
1d2
In base 3, what is -2010 - -11011?
2001
In base 15, what is -8 - 7b?
-84
In base 3, what is -2 + -20122?
-20201
In base 2, what is -111 - 100?
-1011
In base 8, what is 20 + 701?
721
In base 10, what is 629 - -1?
630
In base 6, what is -10 - -2404?
2354
In base 7, what is 100 + 42?
142
In base 5, what is -1100 + 0?
-1100
In base 6, what is 40 - 124?
-44
In base 7, what is 2 + -165?
-163
In base 9, what is 15 - -140?
155
In base 14, what is 3 - 0?
3
In base 10, what is -3 + -43?
-46
In base 16, what is e3 - 0?
e3
In base 10, what is -7 - 1842?
-1849
In base 3, what is -22 + 2021102?
2021010
In base 9, what is 21 + 3?
24
In base 4, what is -10 + -233?
-303
In base 15, what is 7c - 5?
77
In base 9, what is -40 + -11?
-51
In base 16, what is 8 - 8?
0
In base 14, what is 4 - 53?
-4d
In base 5, what is -1 + -4?
-10
In base 6, what is 155 - 2?
153
In base 2, what is -10001 + 1011011?
1001010
In base 9, what is -18 + -31?
-50
In base 4, what is 1 + -13?
-12
In base 15, what is 66 - 2?
64
In base 7, what is 112 + 64?
206
In base 6, what is 1 - -1310?
1311
In base 6, what is 22 - -5420?
5442
In base 5, what is -4 - -30304?
30300
In base 2, what is 101 - 1010101?
-1010000
In base 16, what is -22 - -15?
-d
In base 3, what is -1120 + -2001?
-10121
In base 7, what is 3 - -141?
144
In base 6, what is 2 + -140?
-134
In base 12, what is -34 - -95?
61
In base 5, what is -134101 - 1?
-134102
In base 15, what is 5362 - -2?
5364
In base 12, what is 76 + -72?
4
In base 2, what is -100 + 101100?
101000
In base 14, what is 13a - 4?
136
In base 16, what is 2 - 25?
-23
In base 5, what is -11 + 214?
203
In base 8, what is 0 + 52?
52
In base 8, what is 6 - 251?
-243
In base 7, what is 40200 + 4?
40204
In base 14, what is 343 + -4?
33d
In base 4, what is -121 - -1302?
1121
In base 14, what is -2 - -23?
21
In base 13, what is -3 - 121?
-124
In base 14, what is -542 + 7?
-539
In base 15, what is -dd22 - -1?
-dd21
In base 16, what is -164 + 24?
-140
In base 5, what is -20 - -2011?
1441
In base 16, what is -4 + -77?
-7b
In base 13, what is -5 + -658?
-660
In base 2, what is 100011 + 11001?
111100
In base 15, what is -2 - c1a?
-c1c
In base 10, what is 8 - 724?
-716
In base 8, what is 131 + -4?
125
In base 5, what is 40243 + -10?
40233
In base 2, what is -1101 - 10101?
-100010
In base 9, what is -3 - -13?
10
In base 14, what is 1 - -331?
332
In base 2, what is 1010111100 - 100?
1010111000
In base 14, what is -2 + 14?
12
In base 11, what is -3 + -109a?
-10a2
In base 8, what is 446 - 1?
445
In base 13, what is -26 - 6?
-2c
In base 15, what is 3 + 5d?
61
In base 6, what is 0 - 5314?
-5314
In base 4, what is -2 + -1011?
-1013
In base 8, what is 177 - -1?
200
In base 14, what is 4 - 0?
4
In base 6, what is 3 + 24?
31
In base 11, what is 5 + 52?
57
In base 3, what is -2 + 20121112?
20121110
In base 6, what is -10 + -250?
-300
In base 9, what is 32 - -347?
380
In base 5, what is 12430 + 3?
12433
In base 3, what is 2202 + 12?
2221
In base 15, what is 0 + 50?
50
In base 2, what is -110100 + 100111?
-1101
In base 15, what is 2 + -169?
-167
In base 4, what is 11 + -320?
-303
In base 5, what is 224 - -1?
230
In base 12, what is 11328 - 1?
11327
In base 15, what is 146 + -4?
142
In base 7, what is 2 - 10541?
-10536
In base 12, what is -1 - 93?
-94
In base 8, what is -2 + 3636?
3634
In base 7, what is 14 - 313?
-266
In base 11, what is -133 + 0?
-133
In base 2, what is 110000110 + -10?
110000100
In base 5, what is 211 + 32?
243
In base 4, what is 300103 + 10?
300113
In base 2, what is 1 - -11111110?
11111111
In base 13, what is -32 + 1?
-31
In base 3, what is -12 + 21020?
21001
In base 8, what is 21 + -13?
6
In base 6, what is -1235 + 11?
-1224
In base 9, what is 843 + -2?
841
In base 16, what is 11 - 41?
-30
In base 5, what is -1 + 341?
340
In base 13, what is -a - -11?
4
In base 15, what is -5 - -19?
14
In base 6, what is 20 + -313?
-253
In base 11, what is 379 - -3?
381
In base 15, what is -2c4 + 1?
-2c3
In base 6, what is -110 + -12?
-122
In base 5, what is -323 - -1401?
1023
In base 4, what is 2 - 10100?
-10032
In base 6, what is 205 + -32?
133
In base 5, what is -10 - 22?
-32
In base 3, what is 2 - 11222112?
-11222110
In base 10, what is -4 + 770?
766
In base 11, what is -8 + -1?
-9
In base 4, what is -113 - 110?
-223
In base 7, what is 5212 + -13?
5166
In base 3, what is -1011 + -1000?
-2011
In base 12, what is 17b6 - -1?
17b7
In base 12, what is 3 + 282?
285
In base 9, what is -324 + -18?
-343
In base 10, what is -2 + 31?
29
In base 8, what is -14676 + -5?
-14703
In base 4, what is 203 - 0?
203
In base 2, what is -11000 + -11010111?
-11101111
In base 3, what is -221221 + -120?
-222111
In base 16, what is -3da + 9?
-3d1
In base 11, what is 15 + 31?
46
In base 